-9
Let x be 6/(-4)*14*-2. Let t(s) = 80*s - x*s - 43*s - 5*s**2 + s**3 + 0*s**3 - 3. Give t(6).
3
Let a(j) be the second derivative of -j**5/60 - j**4/6 - 2*j**3/3 + 2*j**2 + 13*j. Let n(z) be the first derivative of a(z). What is n(-4)?
-4
Let m = -1005 - -6037/6. Let w(i) be the second derivative of -2*i**2 - m*i**3 + 1/12*i**4 - 4*i + 0. Determine w(7).
-4
Let b(h) = 3*h + 1. Let d be b(1). Let a(w) = -d*w**2 + 2*w + 3*w**2 - 5 + 10. Suppose 4*y = -5*i, -3*y + 0 = 15. Determine a(i).
-3
Let g be -30*6/(-45)*-3. Let y(k) = k + 2. Give y(g).
-10
Let h(k) = 7*k + 1. Suppose -14*x + 13*x = -34. Let s = -33 + x. What is h(s)?
8
Let w(o) = -o**2 + 7*o - 2. Let t(f) = f**2 - f + 1. Let j(m) = -4*t(m) - w(m). Let p(b) be the first derivative of j(b). What is p(-2)?
9
Let q be -3 - 21*(-4)/12. Let l(r) be the first derivative of -2 + 2/3*r**3 + 1/4*r**q - r - r**2. Calculate l(2).
11
Let j = 24 + -19. Suppose -j*d + 12*d + 63 = 0. Let v(m) = m + 12. What is v(d)?
3
Let s(n) = 4*n**2 - 3*n - 3. Let v = 747 - 748. Determine s(v).
4
Let l(a) = -8*a**2 + 23*a - 4. Let d be l(3). Let v(c) = c**3 + 7*c**2 - 3*c - 17. Determine v(d).
4
Let p(a) = -1 - 4*a + 1 + 2*a. Let l be p(-1). Let z(o) = 7*o + 3*o**2 - 4 + 10 - l*o**2. Calculate z(-5).
-4
Let m(q) = q - 7. Let j be (-1)/(1/(-3) + 6/(-9)). Suppose -2*l + 6 = 0, -v - v + 4*l - 20 = 0. Let z be 2 - (j - v/4). Give m(z).
-7
Let h(p) = -6*p - 7*p**2 + 0 + 3*p**3 - 2*p**3 + 3*p**2 + 3. Let f(w) = -3*w + 4. Let l(z) = 2*z - 4. Let y(u) = 3*f(u) + 4*l(u). Let c be y(-9). What is h(c)?
-2
Let m(o) = o + 8. Let g = 108 + -100. Determine m(g).
16
Let p(f) be the third derivative of -7*f**4/24 - 6*f**2. Let m = 5 + -6. Calculate p(m).
7
Let u(h) = 5*h - 37 + 31 - 3*h. Give u(7).
8
Let w(q) = 0*q - q + 14559 - 14526. Give w(31).
2
Suppose 2*c + 5*z = 4*z, 3*c + 5*z + 7 = 0. Let y(m) = -m + 1 + 13 - c. Determine y(7).
6
Let m(k) = k**3 + 6*k**2 - 2*k - 4. Let t be m(-6). Let h be 2/t*280/14. Let y(o) = -o**2 + 5*o + 5. Give y(h).
5
Suppose 26*x + 3*u = 30*x - 1, -2*u = 5*x + 16. Let s(v) = -1 + 0 + 2*v - 1. What is s(x)?
-6
Let k(s) = -s**2 + 10*s + 1. Let n(z) = -2*z**2 - 15*z + 1. Let y be n(-7). Calculate k(y).
17
Suppose -7*u = 9 + 320. Let w = u - -49. Let k(m) = -3*m**2 + 3*m - 2. Determine k(w).
-8
Suppose -2*w = -17*w + 15. Let q be w/((-5)/(-10)*1). Let j(n) = 2*n**3 - 2*n**2 - 2*n. What is j(q)?
4
Let u be (32/24)/((-34)/(-255)). Let r(p) = 3 + 2 - 7 + p. Give r(u).
8
Let r(w) be the first derivative of -w**5/20 - w**4/2 + 3*w**3/2 + 9*w**2/2 - 5*w - 12. Let d(f) be the first derivative of r(f). What is d(-7)?
-5
Suppose -5*a + 5*m = 15, -1 = -a + 3*m - 0*m. Let y(s) = s**2 + 6*s + 4. Let i be y(a). Let d be (1 - i)/((-3)/(-6)). Let w(b) = b + 1. Determine w(d).
5
Let l(k) = 9*k - 5*k - k**2 + 11 + 4*k. Let i be l(8). Let h(z) = -9*z**2 - 6*z**2 + 2*z**3 + i*z**2 + 1 - z**3 - 6*z. What is h(5)?
-4
Let a(h) = -2*h + 18. Let t be a(7). Let m(s) = -3*s**2 + 11*s + t*s**2 - 9*s. What is m(-4)?
8
Let s = -5 + 8. Suppose 0 = -3*d - n + s, -2 = -5*d + 5*n + 3. Let q(i) = 4 - 2 - 7*i**2 - 2 + d. Calculate q(1).
-6
Let d = 27 - -55. Suppose -5*c = 4*s - 8, 3*s + 0*c = -3*c + 6. Let f(t) = -82*t - t**s + d*t. Determine f(2).
-4
Let k be (10 + -5 - (-51)/(-9))*9. Let v(l) = -12*l - 9. Calculate v(k).
63
Let p(u) = 2*u**2 - 3*u - 2. Suppose 4*h = -0*h + 16, -4*y - 5*h + 16 = 0. Let q be p(y). Let w(k) = -k**2 - 33*k + 0*k**3 - 7*k**q + 33*k. Determine w(-1).
6
Let c(n) = -16*n**2 + 5 + 5*n**2 - n**3 - n**2 + 8*n**2. Let l(p) = 2*p - 7. Let w(k) = -2*k + 8. Let i(o) = -6*l(o) - 5*w(o). Let u be i(3). Give c(u).
5
Let q(c) = c + 11. Let b(j) = j + 15. Let t(m) = -5*b(m) + 7*q(m). Calculate t(2).
6
Let i(z) be the first derivative of 15 - 1/2*z**2 + 10*z. Give i(8).
2
Let f(s) = -s - 4*s + 3*s - 9. Let u be f(-5). Let c(h) = 3 + u + 21*h - 6*h - 11*h. Give c(-3).
-8
Let j be 5/(-1) + (0 - -1). Let l(y) = 835175*y + 2 + 1 - 835177*y. What is l(j)?
11
Let l be (4/(-12))/(1/(-9)). Suppose -l*f + 19 = 2*y, y + 4*f - 16 = 3*y. Let n(k) = -k**2 - 2. What is n(y)?
-6
Let h(q) = q**2 + 49*q + 492. Let b be h(-14). Let d(m) = -5*m - 25. Let r(a) = a + 6. Let j(s) = -2*d(s) - 9*r(s). What is j(b)?
-2
Suppose g - 5 = -0. Suppose 25 = -n + 2*n + g*i, -i - 21 = -5*n. Let d(h) = h**3 - 4*h**2 - 7*h + 7. What is d(n)?
-3
Let r(y) = 2*y. Let w(u) = 9*u + 26. Let q(j) = -5*r(j) + w(j). What is q(9)?
17
Let g(i) be the first derivative of -i**3/3 - 5*i**2 - 5*i - 92. Determine g(-7).
16
Let u be (-3)/(-2) + 1344/(-128). Let v(c) = -c**2 - 9*c + 8. What is v(u)?
8
Let l(z) be the second derivative of z**6/180 + z**5/15 + z**4/6 - 13*z**3/6 + 4*z. Let h(n) be the second derivative of l(n). What is h(-5)?
14
Suppose 160 - 76 = -12*o. Let x(q) = -10*q - 73. Calculate x(o).
-3
Let c = 7 - 5. Let s(a) = -3 - 2*a**c - 3*a + a**3 + 6 + 0 + 1. Let v be s(3). Let b(l) = -l**2 + 2*l + 2. Give b(v).
-6
Let v be ((-9)/9 - -4)*(-8)/(-6). Suppose -15 = -v*z - 11. Let a(m) = -10*m**3 + m**2. Give a(z).
-9
Let b(q) = -9 - 3*q + q - 2*q + 2*q. Let f be b(-4). Let r(c) be the third derivative of -c**6/24 - c**5/60 + c**3/6 - c**2. Give r(f).
5
Suppose 3*h + 3*h = -2*h. Let o(z) = -38 + 42 - 4*z + h*z + 3*z. Give o(8).
-4
Let t(j) = j**3 - 12*j**2 + 8. Let f be t(0). Let l(d) = -d**3 + 9*d**2 - 8*d + 6. Determine l(f).
6
Let u(a) = -757*a + 765*a - a**2 + 0*a**2. Determine u(8).
0
Let k(a) be the first derivative of -4 + 3/2*a**2 + 0*a. Determine k(-5).
-15
Suppose -3*m + 3*z - 3 = -2*m, -2*z = 3*m - 2. Suppose m = l + l - 4. Let j(s) be the second derivative of s**3 - 3*s**2/2 + 168*s. Give j(l).
9
Let c(l) = -l + 4. Let d = -20 - -25. Let y(m) = -m**2 + 5*m + 3. Let q be y(d). Give c(q).
1
Let v(o) = -4*o**2 - 162*o + 88. Let c be v(-41). Let t(m) = m**2 - 3*m - 3. Give t(c).
15
Let k be 12/(-48) + 15/(-4). Let o(b) = b**3 + 4*b**2 - b - 4. Let q be o(k). Let m(n) = n**3 + n**2 - 1. What is m(q)?
-1
Let q(a) = 33*a - 197. Let u(o) = 18*o - 100. Let l(d) = 5*q(d) - 9*u(d). What is l(29)?
2
Let a(d) be the first derivative of d**4/4 - 5*d**3/3 + 5*d - 242. Calculate a(6).
41
Let o(n) be the second derivative of -n**5/20 + 5*n**4/6 + 5*n**2 - 2*n - 8. What is o(10)?
10
Let c(l) = -5*l - 141*l**2 + 0*l + 0*l + 144*l**2. Determine c(4).
28
Suppose 4*h + 4*a = -12, 4*a = -h + 3 - 18. Let z = 328 - 324. Let x(f) = 2*f - 4*f**2 + h - 2*f**3 + 3 + f**3 + z*f. Calculate x(-5).
-1
Let q(x) be the third derivative of -5*x**4/24 - 3*x**3 - 12*x**2 + 6*x. Determine q(-4).
2
Let f(x) be the first derivative of x**3 - 5*x**2 + 8*x + 32. Let d(j) = 4*j**2 - 11*j + 9. Let n(m) = 4*d(m) - 5*f(m). Give n(-8).
12
Suppose -48*j = -55*j - 63. Let o(y) = -y**3 - 8*y**2 + 8*y - 4. Give o(j).
5
Let b = -58 - -66. Let d(c) = -8 + 3*c**2 - b*c - 2*c**2 + 4*c. Give d(7).
13
Let u(a) = -a**2 + 1. Let f(d) = 5*d**2 - 10*d - 5. Let n(v) = f(v) + 6*u(v). What is n(-8)?
17
Let t be (3/2)/(1/2). Let z(v) be the third derivative of -v**5/40 + v**4/8 + 13*v**3/3 + 17*v**2. Let k(g) be the first derivative of z(g). Give k(t).
-6
Suppose 101*t = 108*t - 21. Let a(f) = 3*f + 3. Let s(k) = -k - 1. Let i(w) = -3*a(w) - 8*s(w). Give i(t).
-4
Let a = -27 + 43. Suppose -14*x - 40 = a. Let v(n) = -n**3 - 3*n**2 + 3. Calculate v(x).
19
Let g(s) = -s**2 + 2*s + 4. Suppose -t + 3*i - 10 = 0, -21*i + 24*i = 6. Calculate g(t).
-20
Let d(c) = 87*c + 513. Let k be d(-6). Let f(v) = -2*v**2 - 12*v + 4. Give f(k).
-50
Let p(g) be the second derivative of -g**3/6 - g**2 + g. Let u(t) = -t + 9. Let r(k) = -k**3 - 5*k**2 + 7*k + 15. Let x be r(-6). Let l be u(x). Determine p(l).
-2
Let m(c) = c**2 + 4*c + 6. Let f be ((-16)/56 + 5/(-7))*5. Give m(f).
11
Suppose 4*t - 34 + 6 = 0. Let g(d) = -3*d - 5. Let h be g(-7). Let u(i) = i + 3 + 6 + 6 - h. What is u(t)?
6
Let n(g) = -6*g - 1. Let d(h) = -17*h - 3. Let i(m) = 4*d(m) - 11*n(m). Suppose -2*k = -4*t + 14, t + 0*k - 9 = -5*k. Calculate i(t).
-9
Let j(o) = 14*o + 1. Let w(k) = -3*k. Let d(y) = j(y) + 5*w(y). Let m(u) = u**3 + 5*u**2 + 5*u + 5. Let f be m(-4). Let g be (1 + f)/(2/(-3)). What is d(g)?
4
Let v(z) = z + 6. Suppose 4*i - 49 = -5. Suppose -i = m - 5*y, 3*y + 1 = 4*y. Let x(u) = -u - 12. Let j be x(m). What is v(j)?
0
Suppose 4*z = 2*o + 10, z + 5*